 + 189*k + 5310. Give l(-25).
-40
Let f(y) = -346*y - 4156. What is f(-12)?
-4
Let i(j) = 9*j**2 + 717*j - 272. Determine i(-80).
-32
Let f(g) = -g**3 - 104*g**2 + 108*g + 340. What is f(-105)?
25
Let q(c) = c**2 + 32*c + 100. Determine q(-23).
-107
Let s(k) = -3*k**2 + 20*k - 73. What is s(4)?
-41
Let u(q) = 159*q - 2255. Calculate u(14).
-29
Let w(s) = -4*s**2 - 251*s + 1668. Determine w(6).
18
Let w(j) = -j**3 - 9*j + 28. Determine w(3).
-26
Let f(z) = -4*z**2 + 111*z + 425. Give f(31).
22
Let r(f) = -30*f**2 + 109*f + 34. Calculate r(4).
-10
Let w(l) = 154*l + 9. What is w(3)?
471
Let u(o) = 31*o**2 + 359*o + 207. Determine u(-11).
9
Let z(v) = -2*v**3 + 12*v - 18. Give z(7).
-620
Let m(i) = i**3 - 22*i**2 - 104*i - 58. Give m(26).
-58
Let y(a) = -a**3 + 8*a**2 - 7*a + 29. Calculate y(6).
59
Let f(j) = j**3 + 44*j**2 - 103*j - 104. Give f(-46).
402
Let c(k) = -k**2 + 193*k + 14600. What is c(-58)?
42
Let w(m) = -123*m**2 - 863*m - 6. Give w(-7).
8
Let q(b) = -4*b**2 + 64*b - 64. Determine q(15).
-4
Let j(a) = -23*a - 176. Calculate j(-8).
8
Let i(u) = -u**3 - 31*u**2 - 105*u + 78. Give i(-27).
-3
Let h(t) = -t**3 - 172*t**2 + 184*t + 1915. Give h(-173).
12
Let m(w) = 304*w + 124945. Calculate m(-411).
1
Let n(q) = -14*q**3 - 6*q**2 + 22*q - 19. Give n(1).
-17
Let l(x) = -18*x - 50. Determine l(-7).
76
Let c(z) = -20*z**2 - 20*z - 31. What is c(-2)?
-71
Let i(r) = -14*r - 550. Give i(-39).
-4
Let q(j) = j**3 + 8*j**2 + 28*j + 420. What is q(-9)?
87
Let j(q) = -230*q - 9642. Calculate j(-42).
18
Let q(w) = -2*w**3 + 55*w**2 - 77*w + 7. What is q(26)?
33
Let w(n) = -n**2 - 13*n + 91. Calculate w(-18).
1
Let t(s) = 278*s + 2228. Determine t(-8).
4
Let x(q) = -q**3 + 55*q**2 - 546*q + 1. Calculate x(42).
1
Let r(t) = -t**2 - 253*t + 20665. Calculate r(65).
-5
Let q(x) = 87*x - 1391. What is q(17)?
88
Let f(y) = 139*y - 840. What is f(6)?
-6
Let k(a) = 5980*a - 11970. Determine k(2).
-10
Let b(l) = -l**2 - 326*l - 15556. What is b(-58)?
-12
Let w(i) = 86*i + 1118. What is w(-13)?
0
Let o(r) = 171*r - 2071. What is o(12)?
-19
Let q(g) = 2*g**3 + 11*g**2 - 78*g - 438. What is q(-6)?
-6
Let n(a) = 118*a - 345. Determine n(3).
9
Let u(m) = m**2 + 7499*m - 60052. Calculate u(8).
4
Let a(o) = o**3 - 56*o**2 - 61*o + 134. Determine a(57).
-94
Let o(q) = q**3 - 78*q**2 - 593*q - 161. What is o(85)?
9
Let t(c) = -190*c + 1718. What is t(9)?
8
Let s(b) = -442*b + 1327. Give s(3).
1
Let i(l) = -6*l + 422. What is i(70)?
2
Let h(u) = u**3 - u**2 - 107. Calculate h(4).
-59
Let u(q) = -1745*q + 6959. Determine u(4).
-21
Let p(o) = -98*o + 2167. Determine p(23).
-87
Let g(n) = -2*n**2 + 6*n - 12. Determine g(8).
-92
Let d(j) = -j**2 - 2046*j + 14346. Determine d(7).
-25
Let b(h) = 3*h**2 - 5*h - 289. Give b(-10).
61
Let k(g) = 4*g**2 + 37*g + 9. What is k(-12)?
141
Let h(g) = -8*g**3 - 190*g**2 + 47*g - 22. What is h(-24)?
2
Let m(w) = 7*w**2 - 742*w + 14. Determine m(106).
14
Let o(m) = -48*m + 336. What is o(11)?
-192
Let b(z) = z**2 + 10*z - 693. Calculate b(-31).
-42
Let k(f) = 4*f**3 - 266*f**2 - 96*f - 2542. Calculate k(67).
4
Let n(i) = 163*i**3 - 2*i - 4. What is n(-1)?
-165
Let s(g) = -3*g + 44. Calculate s(18).
-10
Let s(x) = -2*x**2 + 129*x + 5311. Calculate s(93).
10
Let v(p) = 1245*p + 28604. Calculate v(-23).
-31
Let r(h) = -289*h - 7504. Determine r(-26).
10
Let r(t) = t**3 + 7*t**2 + 6*t - 3. What is r(-8)?
-115
Let g(a) = 2*a**3 - 36*a**2 - a - 41. Determine g(18).
-59
Let t(b) = b**3 - 16*b**2 + 15*b + 16. Calculate t(15).
16
Let g(i) = -i**3 + 33*i**2 - 94*i - 87. Give g(4).
1
Let x(o) = 2*o**2 - 45*o + 196. Calculate x(6).
-2
Let i(r) = -r**2 - 76*r - 1388. Calculate i(-31).
7
Let w(b) = b**3 + 19*b**2 + 2*b + 40. Give w(-19).
2
Let i(f) = 11*f + 147. Determine i(-8).
59
Let x(h) = 2*h**3 + 56*h**2 + 46*h - 211. Give x(-27).
5
Let v(z) = 5*z**2 - 312*z - 161. Calculate v(63).
28
Let d(u) = -21*u**3 - u**2 - 3*u + 5. Determine d(1).
-20
Let y(v) = -74*v - 1628. Determine y(-22).
0
Let h(f) = -219*f + 2314. What is h(8)?
562
Let z(h) = -2506*h - 12525. Calculate z(-5).
5
Let z(m) = m**3 - 16*m**2 - 439*m - 1147. Give z(-3).
-1
Let q(r) = -7*r**2 - 136*r - 64. Give q(-19).
-7
Let i(w) = -11*w**2 + 372*w - 1013. Give i(3).
4
Let t(u) = -28*u + 132. Calculate t(6).
-36
Let g(d) = -4*d**3 - 2*d**2 + 90*d - 89. What is g(1)?
-5
Let v(o) = -3*o**3 - 4*o**2 - 20*o + 24. Determine v(5).
-551
Let m(x) = x**2 + 15*x + 49. What is m(-3)?
13
Let q(n) = n**3 + 8*n**2 + 23*n + 21. Calculate q(-6).
-45
Let l(n) = -8*n**2 + 9*n - 2. Determine l(-2).
-52
Let l(r) = -20*r**2 + 9*r + 5. Calculate l(-3).
-202
Let a(m) = m**2 + 78*m + 507. Calculate a(-81).
750
Let u(j) = 551*j + 65. Calculate u(2).
1167
Let n(g) = 6*g**3 - 4*g**2 - 2*g - 4. Calculate n(3).
116
Let m(y) = -2*y**2 + 195*y - 1119. What is m(6)?
-21
Let m(f) = f**3 + 7*f**2 - 185*f - 663. Determine m(-16).
-7
Let k(f) = -5*f**2 + 100*f + 781. Give k(-6).
1
Let z(d) = -d**3 - 35*d**2 - 16*d + 1644. Give z(-33).
-6
Let w(j) = 40*j**3 - j**2 + 2*j + 3. Give w(-1).
-40
Let w(x) = 159*x - 679. What is w(5)?
116
Let u(x) = -39*x + 32. Give u(3).
-85
Let j(w) = -w**3 + 15*w**2 - 13*w + 78. What is j(14)?
92
Let h(c) = -116*c**3 - c**2 + 15*c - 30. Determine h(2).
-932
Let b(y) = y**2 + 411*y + 4426. Determine b(-11).
26
Let s(x) = 39*x**2 + 474*x + 82. Determine s(-12).
10
Let g(d) = -2*d**3 - 6*d**2 - 23*d - 185. Give g(-6).
169
Let w(b) = -b**3 - 13*b**2 - 15*b - 416. What is w(-14)?
-10
Let h(g) = 4*g**3 - 330*g**2 - 164*g - 180. Calculate h(83).
-14
Let y(v) = -5*v**2 + 63*v - 24. What is y(12)?
12
Let x(f) = 1919*f - 5763. Calculate x(3).
-6
Let o(n) = -77*n - 313. Calculate o(-4).
-5
Let a(l) = 2*l**2 + 404*l - 806. Calculate a(2).
10
Let i(m) = 2*m**2 + 307*m + 10869. Give i(-98).
-9
Let c(w) = -3*w**2 + 136*w - 41. Give c(45).
4
Let z(t) = 150*t - 18. Calculate z(-1).
-168
Let x(s) = 415*s + 424. Give x(-1).
9
Let u(o) = -819*o - 5741. What is u(-7)?
-8
Let o(u) = -39*u + 171. What is o(-7)?
444
Let y(b) = -231*b + 13589. What is y(59)?
-40
Let a(k) = -4*k**2 + 17*k + 29. Calculate a(13).
-426
Let j(f) = -f**2 + 5*f + 15. What is j(4)?
19
Let t(r) = 3*r**2 + 34*r + 94. Determine t(-7).
3
Let d(v) = -v**3 - 13*v**2 + 15*v - 18. Give d(-14).
-32
Let g(b) = -2*b**2 + 21*b + 35. Calculate g(19).
-288
Let n(u) = 11*u**2 + 192*u + 184. Calculate n(-1).
3
Let m(q) = -q**3 - 25*q**2 - 2*q - 63. Determine m(-25).
-13
Let h(y) = 60*y - 619. Calculate h(10).
-19
Let r(h) = 31*h - 48. Give r(3).
45
Let u(q) = -9*q + 31. Determine u(-74).
697
Let n(w) = -8*w**2 - 158*w + 36. Determine n(-17).
410
Let g(v) = 6*v**3 + 68*v**2 + 40*v + 17. Determine g(-11).
-181
Let v(l) = -2*l**3 - 24*l**2 - 23*l - 22. Calculate v(-11).
-11
Let d(n) = -n**3 - 10*n**2 + 69*n + 575. What is d(-6)?
17
Let b(f) = -558*f + 6775. Determine b(12).
79
Let s(u) = -12*u - 56. What is s(10)?
-176
Let w(n) = n**3 + 29*n**2 - 35*n - 102. Give w(-30).
48
Let x(p) = p + 133. What is x(-21)?
112
Let i(h) = -h**2 + 101*h + 1612. Calculate i(-14).
2
Let q(y) = y**3 - 23*y**2 + 74*y - 290. Determine q(20).
-10
Let q(n) = -17*n**2 - 149*n - 1. What is q(-9)?
-37
Let o(y) = -3*y + 81. Calculate o(0).
81
Let w(q) = 41*q**3 - 1683*q**2 + 85*q - 127. Give w(41).
-4
Let b(f) = -2*f**3 + 49*f**2 - 37*f + 174. Calculate b(24).
-138
Let o(s) = 3*s**2 - 37*s - 445. Give o(-9).
131
Let l(v) = -1091*v + 39258. Calculate l(36).
-18
Let p(d) = -d**3 + 53*d**2 - 196*d - 14. Give p(49).
-14
Let k(u) = u**2 + 75*u + 947. Give k(-59).
3
Let v(k) = 4*k + 111. Calculate v(-14).
55
Let w(c) = c**3 - 13*c**2 + 304*c - 3109. Calculate w(11).
-7
Let y(b) = b**3 + 2*b**2 - 4*b + 10. Give y(4).
90
Let r(h) = h**3 + 69*h**2 + 136*h + 103. Calculate r(-67).
-31
Let v(j) = j**2 + 1970*j - 15834. What is v(8)?
-10
Let l(j) = -j**3 - 14*j**2 - 32*j + 22. Calculate l(-11).
11
Let o(b) = -b**3 - 15*b**2 - 258*b + 939. What is o(3)?
3
Let s(q) = q**3 + 6*q**2 + 4*q - 1. What is s(-2)?
7
Let z(v) = 2*v**2 - 22*v + 8. Calculate z(5).
-52
Let c(a) = 33*a + 121. Give c(-7).
-110
Let n(o) = -o**2 + 16*o - 44. Determine n(0).
-44
Let k(n) = 2302*n - 34525. Determine k(15).
5
Let g(r) = -5*r**2 - 105*r - 547. Give g(-9).
-7
Let x(d) = -313*d + 2827. Determine x(9).
10
Let g(n) = 53*n